{"id":4144,"date":"2015-04-11T11:40:40","date_gmt":"2015-04-11T09:40:40","guid":{"rendered":"http:\/\/www.cepdivin.org\/?post_type=tribe_events&#038;p=4144"},"modified":"2015-04-11T11:55:54","modified_gmt":"2015-04-11T09:55:54","slug":"spectacle-in-vino-veritas","status":"publish","type":"tribe_events","link":"https:\/\/www.cepdivin.org\/?tribe_events=spectacle-in-vino-veritas","title":{"rendered":"Spectacle | In vino veritas"},"content":{"rendered":"<h1 style=\"text-align: justify;\">Autour des vins de Bordeaux et du reste du monde<\/h1>\n<h2 style=\"text-align: justify;\">&#8220;IN VINO VERITAS&#8221; : un spectacle historique, humoristique, litt\u00e9raire, musica<\/h2>\n<h1 style=\"text-align: justify;\"><a href=\"http:\/\/www.scoop.it\/t\/wine-world-web\/p\/4026318867\/2014\/08\/15\/spectacle-in-vino-veritas\" target=\"_blank\"><img decoding=\"async\" class=\"alignleft\" style=\"width: 50%;\" src=\"http:\/\/www.cepdivin.org\/wp-content\/uploads\/2014\/08\/5e5840d8-7dfa-47e5-84d2-bbaacbe5904d.jpg\" alt=\"\" \/><\/a><\/h1>\n<h4 style=\"text-align: justify;\"><strong>Fran\u00e7ois Mauget<\/strong>\u00a0: com\u00e9dien, conteur<\/h4>\n<h4 style=\"text-align: justify;\"><strong>Pascal Lefeuvre <\/strong>:<strong>\u00a0<\/strong>vielliste, musicien<\/h4>\n<p style=\"text-align: justify;\">A partir de <strong>textes et citations<\/strong> de Pierre Desproges, Georges Brassens, Rabelais, Raymond Devos, PierreDac, Coluche, Baudelaire, Montesquieu, Paul\u00a0Claudel, Boris Vian, Gaston Bachelard, Jean-Claude Pirotte&#8230;\u00a0Et <strong>des musiques en forme de tour du monde vinicole<\/strong> de : L\u00e9o Ferr\u00e9, Georges Brassens, Boris Vian, Ariel Ram\u00edrez, Consuelo Vel\u00e1zquez, Ross Daly, Pascal Lefeuvre\u2026<\/p>\n<h2 style=\"text-align: justify;\"><\/h2>\n<h3 style=\"text-align: justify;\">Prochaines repr\u00e9sentations :<\/h3>\n<ul>\n<li style=\"text-align: justify;\"><b>Le samedi 25 avril 2015 &#8211; 20h<\/b><br \/>\nau Mus\u00e9e de la vigne et du vin &#8211; Gradignan<br \/>\n288 cours du G\u00e9n\u00e9ral de Gaulle &#8211; r\u00e9s : 05 56 89 07 91 &#8211;<br \/>\n<b><\/b><\/li>\n<li style=\"text-align: justify;\"><b>Le dimanche 26 avril 2015 &#8211; 17h<\/b><br \/>\n\u00e0 la Belle Lurette &#8211; St Macaire &#8211; pas de r\u00e9servation, entr\u00e9e libre<\/li>\n<\/ul>\n<div id='gallery-1' class='gallery galleryid-4144 gallery-columns-3 gallery-size-thumbnail'><figure class='gallery-item'>\n\t\t\t<div class='gallery-icon landscape'>\n\t\t\t\t<a rel='attachment' href='https:\/\/www.cepdivin.org\/wp-content\/uploads\/2015\/04\/flyer-IN-VINO-VERITAS-gradignan-2015.jpg'><img loading=\"lazy\" decoding=\"async\" width=\"150\" height=\"150\" src=\"https:\/\/www.cepdivin.org\/wp-content\/uploads\/2015\/04\/flyer-IN-VINO-VERITAS-gradignan-2015-150x150.jpg\" class=\"attachment-thumbnail size-thumbnail\" alt=\"\" srcset=\"https:\/\/www.cepdivin.org\/wp-content\/uploads\/2015\/04\/flyer-IN-VINO-VERITAS-gradignan-2015-150x150.jpg 150w, https:\/\/www.cepdivin.org\/wp-content\/uploads\/2015\/04\/flyer-IN-VINO-VERITAS-gradignan-2015-432x432.jpg 432w, https:\/\/www.cepdivin.org\/wp-content\/uploads\/2015\/04\/flyer-IN-VINO-VERITAS-gradignan-2015-268x268.jpg 268w\" sizes=\"auto, (max-width: 150px) 100vw, 150px\" \/><\/a>\n\t\t\t<\/div><\/figure><figure class='gallery-item'>\n\t\t\t<div class='gallery-icon portrait'>\n\t\t\t\t<a rel='attachment' href='https:\/\/www.cepdivin.org\/wp-content\/uploads\/2015\/04\/in-vino-veritas-doc-avril-2015.jpg'><img loading=\"lazy\" decoding=\"async\" width=\"150\" height=\"150\" src=\"https:\/\/www.cepdivin.org\/wp-content\/uploads\/2015\/04\/in-vino-veritas-doc-avril-2015-150x150.jpg\" class=\"attachment-thumbnail size-thumbnail\" alt=\"\" srcset=\"https:\/\/www.cepdivin.org\/wp-content\/uploads\/2015\/04\/in-vino-veritas-doc-avril-2015-150x150.jpg 150w, https:\/\/www.cepdivin.org\/wp-content\/uploads\/2015\/04\/in-vino-veritas-doc-avril-2015-432x432.jpg 432w, https:\/\/www.cepdivin.org\/wp-content\/uploads\/2015\/04\/in-vino-veritas-doc-avril-2015-268x268.jpg 268w\" sizes=\"auto, (max-width: 150px) 100vw, 150px\" \/><\/a>\n\t\t\t<\/div><\/figure><figure class='gallery-item'>\n\t\t\t<div class='gallery-icon landscape'>\n\t\t\t\t<a rel='attachment' href='https:\/\/www.cepdivin.org\/wp-content\/uploads\/2015\/04\/flyer-IN-VINO-VERITAS-avril-2015.jpg'><img loading=\"lazy\" decoding=\"async\" width=\"150\" height=\"150\" src=\"https:\/\/www.cepdivin.org\/wp-content\/uploads\/2015\/04\/flyer-IN-VINO-VERITAS-avril-2015-150x150.jpg\" class=\"attachment-thumbnail size-thumbnail\" alt=\"\" srcset=\"https:\/\/www.cepdivin.org\/wp-content\/uploads\/2015\/04\/flyer-IN-VINO-VERITAS-avril-2015-150x150.jpg 150w, https:\/\/www.cepdivin.org\/wp-content\/uploads\/2015\/04\/flyer-IN-VINO-VERITAS-avril-2015-432x432.jpg 432w, https:\/\/www.cepdivin.org\/wp-content\/uploads\/2015\/04\/flyer-IN-VINO-VERITAS-avril-2015-268x268.jpg 268w\" sizes=\"auto, (max-width: 150px) 100vw, 150px\" \/><\/a>\n\t\t\t<\/div><\/figure>\n\t\t<\/div>\n\n<h3 style=\"text-align: justify;\">Contact :<\/h3>\n<p style=\"text-align: justify;\">CARMA Productions &#8211; 24bis rue Yquem<br \/>\nF-33490 St Macaire &#8211; Tel : 06\u200884\u200853\u200808\u200805<br \/>\ndirection@albacarma.com &#8211; <a href=\"http:\/\/albacarma.com\" target=\"_blank\">http:\/\/albacarma.com<\/a><\/p>\n","protected":false},"excerpt":{"rendered":"<p>Autour des vins de Bordeaux et du reste du monde &#8220;IN VINO VERITAS&#8221; : un spectacle historique, humoristique, litt\u00e9raire, musica Fran\u00e7ois Mauget\u00a0: com\u00e9dien, conteur Pascal Lefeuvre :\u00a0vielliste, musicien A partir de textes et citations de Pierre Desproges, Georges Brassens, Rabelais, Raymond Devos, PierreDac, Coluche, Baudelaire, Montesquieu, Paul\u00a0Claudel, Boris Vian, Gaston &#8230;<\/p>\n","protected":false},"author":4,"featured_media":4150,"comment_status":"open","ping_status":"closed","template":"","meta":{"_tribe_events_status":"","_tribe_events_status_reason":"","footnotes":""},"tags":[161,248,294,12],"tribe_events_cat":[301],"class_list":["post-4144","tribe_events","type-tribe_events","status-publish","has-post-thumbnail","hentry","tag-chanson","tag-gradignan","tag-histoire","tag-litterature","tribe_events_cat-spectacles","cat_spectacles","column","onecol","has-thumbnail"],"_links":{"self":[{"href":"https:\/\/www.cepdivin.org\/index.php?rest_route=\/wp\/v2\/tribe_events\/4144","targetHints":{"allow":["GET"]}}],"collection":[{"href":"https:\/\/www.cepdivin.org\/index.php?rest_route=\/wp\/v2\/tribe_events"}],"about":[{"href":"https:\/\/www.cepdivin.org\/index.php?rest_route=\/wp\/v2\/types\/tribe_events"}],"author":[{"embeddable":true,"href":"https:\/\/www.cepdivin.org\/index.php?rest_route=\/wp\/v2\/users\/4"}],"replies":[{"embeddable":true,"href":"https:\/\/www.cepdivin.org\/index.php?rest_route=%2Fwp%2Fv2%2Fcomments&post=4144"}],"version-history":[{"count":1,"href":"https:\/\/www.cepdivin.org\/index.php?rest_route=\/wp\/v2\/tribe_events\/4144\/revisions"}],"predecessor-version":[{"id":4149,"href":"https:\/\/www.cepdivin.org\/index.php?rest_route=\/wp\/v2\/tribe_events\/4144\/revisions\/4149"}],"wp:featuredmedia":[{"embeddable":true,"href":"https:\/\/www.cepdivin.org\/index.php?rest_route=\/wp\/v2\/media\/4150"}],"wp:attachment":[{"href":"https:\/\/www.cepdivin.org\/index.php?rest_route=%2Fwp%2Fv2%2Fmedia&parent=4144"}],"wp:term":[{"taxonomy":"post_tag","embeddable":true,"href":"https:\/\/www.cepdivin.org\/index.php?rest_route=%2Fwp%2Fv2%2Ftags&post=4144"},{"taxonomy":"tribe_events_cat","embeddable":true,"href":"https:\/\/www.cepdivin.org\/index.php?rest_route=%2Fwp%2Fv2%2Ftribe_events_cat&post=4144"}],"curies":[{"name":"wp","href":"https:\/\/api.w.org\/{rel}","templated":true}]}}

<h1 style="text-align: justify;">Autour des vins de Bordeaux et du reste du monde</h1>
<h2 style="text-align: justify;">&#8220;IN VINO VERITAS&#8221; : un spectacle historique, humoristique, littéraire, musica</h2>
<h1 style="text-align: justify;"><a href="http://www.scoop.it/t/wine-world-web/p/4026318867/2014/08/15/spectacle-in-vino-veritas" target="_blank"><img decoding="async" class="alignleft" style="width: 50%;" src="http://www.cepdivin.org/wp-content/uploads/2014/08/5e5840d8-7dfa-47e5-84d2-bbaacbe5904d.jpg" alt="" /></a></h1>
<h4 style="text-align: justify;"><strong>François Mauget</strong> : comédien, conteur</h4>
<h4 style="text-align: justify;"><strong>Pascal Lefeuvre </strong>:<strong> </strong>vielliste, musicien</h4>
<p style="text-align: justify;">A partir de <strong>textes et citations</strong> de Pierre Desproges, Georges Brassens, Rabelais, Raymond Devos, PierreDac, Coluche, Baudelaire, Montesquieu, Paul Claudel, Boris Vian, Gaston Bachelard, Jean-Claude Pirotte&#8230; Et <strong>des musiques en forme de tour du monde vinicole</strong> de : Léo Ferré, Georges Brassens, Boris Vian, Ariel Ramírez, Consuelo Velázquez, Ross Daly, Pascal Lefeuvre…</p>
<h2 style="text-align: justify;"></h2>
<h3 style="text-align: justify;">Prochaines représentations :</h3>
<ul>
<li style="text-align: justify;"><b>Le samedi 25 avril 2015 &#8211; 20h</b><br />
au Musée de la vigne et du vin &#8211; Gradignan<br />
288 cours du Général de Gaulle &#8211; rés : 05 56 89 07 91 &#8211;<br />
<b></b></li>
<li style="text-align: justify;"><b>Le dimanche 26 avril 2015 &#8211; 17h</b><br />
à la Belle Lurette &#8211; St Macaire &#8211; pas de réservation, entrée libre</li>
</ul>
<div id='gallery-1' class='gallery galleryid-4144 gallery-columns-3 gallery-size-thumbnail'><figure class='gallery-item'>
			<div class='gallery-icon landscape'>
				<a rel='attachment' href='https://www.cepdivin.org/wp-content/uploads/2015/04/flyer-IN-VINO-VERITAS-gradignan-2015.jpg'><img loading="lazy" decoding="async" width="150" height="150" src="https://www.cepdivin.org/wp-content/uploads/2015/04/flyer-IN-VINO-VERITAS-gradignan-2015-150x150.jpg" class="attachment-thumbnail size-thumbnail" alt="" srcset="https://www.cepdivin.org/wp-content/uploads/2015/04/flyer-IN-VINO-VERITAS-gradignan-2015-150x150.jpg 150w, https://www.cepdivin.org/wp-content/uploads/2015/04/flyer-IN-VINO-VERITAS-gradignan-2015-432x432.jpg 432w, https://www.cepdivin.org/wp-content/uploads/2015/04/flyer-IN-VINO-VERITAS-gradignan-2015-268x268.jpg 268w" sizes="auto, (max-width: 150px) 100vw, 150px" /></a>
			</div></figure><figure class='gallery-item'>
			<div class='gallery-icon portrait'>
				<a rel='attachment' href='https://www.cepdivin.org/wp-content/uploads/2015/04/in-vino-veritas-doc-avril-2015.jpg'><img loading="lazy" decoding="async" width="150" height="150" src="https://www.cepdivin.org/wp-content/uploads/2015/04/in-vino-veritas-doc-avril-2015-150x150.jpg" class="attachment-thumbnail size-thumbnail" alt="" srcset="https://www.cepdivin.org/wp-content/uploads/2015/04/in-vino-veritas-doc-avril-2015-150x150.jpg 150w, https://www.cepdivin.org/wp-content/uploads/2015/04/in-vino-veritas-doc-avril-2015-432x432.jpg 432w, https://www.cepdivin.org/wp-content/uploads/2015/04/in-vino-veritas-doc-avril-2015-268x268.jpg 268w" sizes="auto, (max-width: 150px) 100vw, 150px" /></a>
			</div></figure><figure class='gallery-item'>
			<div class='gallery-icon landscape'>
				<a rel='attachment' href='https://www.cepdivin.org/wp-content/uploads/2015/04/flyer-IN-VINO-VERITAS-avril-2015.jpg'><img loading="lazy" decoding="async" width="150" height="150" src="https://www.cepdivin.org/wp-content/uploads/2015/04/flyer-IN-VINO-VERITAS-avril-2015-150x150.jpg" class="attachment-thumbnail size-thumbnail" alt="" srcset="https://www.cepdivin.org/wp-content/uploads/2015/04/flyer-IN-VINO-VERITAS-avril-2015-150x150.jpg 150w, https://www.cepdivin.org/wp-content/uploads/2015/04/flyer-IN-VINO-VERITAS-avril-2015-432x432.jpg 432w, https://www.cepdivin.org/wp-content/uploads/2015/04/flyer-IN-VINO-VERITAS-avril-2015-268x268.jpg 268w" sizes="auto, (max-width: 150px) 100vw, 150px" /></a>
			</div></figure>
		</div>

<h3 style="text-align: justify;">Contact :</h3>
<p style="text-align: justify;">CARMA Productions &#8211; 24bis rue Yquem<br />
F-33490 St Macaire &#8211; Tel : 06 84 53 08 05<br />
direction@albacarma.com &#8211; <a href="http://albacarma.com" target="_blank">http://albacarma.com</a></p>

<p>Autour des vins de Bordeaux et du reste du monde &#8220;IN VINO VERITAS&#8221; : un spectacle historique, humoristique, littéraire, musica François Mauget : comédien, conteur Pascal Lefeuvre : vielliste, musicien A partir de textes et citations de Pierre Desproges, Georges Brassens, Rabelais, Raymond Devos, PierreDac, Coluche, Baudelaire, Montesquieu, Paul Claudel, Boris Vian, Gaston &#8230;</p>
