{"id":3158,"date":"2014-05-26T21:42:35","date_gmt":"2014-05-26T19:42:35","guid":{"rendered":"http:\/\/www.cepdivin.org\/?post_type=tribe_events&#038;p=3158"},"modified":"2014-06-25T16:54:48","modified_gmt":"2014-06-25T14:54:48","slug":"cepdivin-asso-assemblee-generale","status":"publish","type":"tribe_events","link":"https:\/\/www.cepdivin.org\/?tribe_events=cepdivin-asso-assemblee-generale","title":{"rendered":"CEPDIVIN asso | Assembl\u00e9e g\u00e9n\u00e9rale"},"content":{"rendered":"<h1 style=\"text-align: justify;\">Assembl\u00e9e G\u00e9n\u00e9rale de CEPDIVIN association<\/h1>\n<p style=\"text-align: justify;\"><img loading=\"lazy\" decoding=\"async\" class=\"alignleft wp-image-3061 size-medium\" src=\"http:\/\/www.cepdivin.org\/wp-content\/uploads\/2014\/05\/logo-affiche-cepdivin-239x300.jpg\" alt=\"logo affiche cepdivin\" width=\"239\" height=\"300\" srcset=\"https:\/\/www.cepdivin.org\/wp-content\/uploads\/2014\/05\/logo-affiche-cepdivin-239x300.jpg 239w, https:\/\/www.cepdivin.org\/wp-content\/uploads\/2014\/05\/logo-affiche-cepdivin-600x750.jpg 600w, https:\/\/www.cepdivin.org\/wp-content\/uploads\/2014\/05\/logo-affiche-cepdivin-332x415.jpg 332w, https:\/\/www.cepdivin.org\/wp-content\/uploads\/2014\/05\/logo-affiche-cepdivin.jpg 653w\" sizes=\"auto, (max-width: 239px) 100vw, 239px\" \/><\/p>\n<p style=\"text-align: justify;\">Chers membres de l&#8217;association CEPDIVIN,<\/p>\n<p style=\"text-align: justify;\">Vous \u00eates chaleureusement invit\u00e9(e)s \u00e0 notre Assembl\u00e9e G\u00e9n\u00e9rale Ordinaire qui se tiendra le <strong>jeudi 26 juin 2014, \u00e0 19h30, au 10 rue Paul Laffargue, \u00e0 Talence.<\/strong><\/p>\n<p style=\"text-align: justify;\">Vous trouverez ci-dessous, en t\u00e9l\u00e9chargement, la convocation avec l&#8217;ordre du jour ainsi qu&#8217;un mod\u00e8le de procuration.<\/p>\n<p style=\"text-align: justify;\"><em>L&#8217;Assembl\u00e9e g\u00e9n\u00e9rale est ouverte aux membres adh\u00e9rents \u00e0 jour de leur cotisation 2014 ainsi qu&#8217;aux membres d&#8217;honneur.<\/em><\/p>\n<p style=\"text-align: justify;\"><strong>L&#8217;assembl\u00e9e g\u00e9n\u00e9rale sera suivie d&#8217;une auberge espagnole<\/strong> (chacun am\u00e8ne quelque chose \u00e0 manger) au cours de laquelle nous ouvrirons quelques bouteilles de la cave de CEPDIVIN.<\/p>\n<h3 style=\"text-align: justify;\">Les vins qui seront d\u00e9gust\u00e9s<\/h3>\n<div id='gallery-1' class='gallery galleryid-3158 gallery-columns-3 gallery-size-thumbnail'><figure class='gallery-item'>\n\t\t\t<div class='gallery-icon landscape'>\n\t\t\t\t<a rel='attachment' href='https:\/\/www.cepdivin.org\/wp-content\/uploads\/2014\/05\/ag-2014-06-26-1.jpg'><img loading=\"lazy\" decoding=\"async\" width=\"150\" height=\"150\" src=\"https:\/\/www.cepdivin.org\/wp-content\/uploads\/2014\/05\/ag-2014-06-26-1-150x150.jpg\" class=\"attachment-thumbnail size-thumbnail\" alt=\"\" srcset=\"https:\/\/www.cepdivin.org\/wp-content\/uploads\/2014\/05\/ag-2014-06-26-1-150x150.jpg 150w, https:\/\/www.cepdivin.org\/wp-content\/uploads\/2014\/05\/ag-2014-06-26-1-432x432.jpg 432w, https:\/\/www.cepdivin.org\/wp-content\/uploads\/2014\/05\/ag-2014-06-26-1-268x268.jpg 268w\" sizes=\"auto, (max-width: 150px) 100vw, 150px\" \/><\/a>\n\t\t\t<\/div><\/figure><figure class='gallery-item'>\n\t\t\t<div class='gallery-icon landscape'>\n\t\t\t\t<a rel='attachment' href='https:\/\/www.cepdivin.org\/wp-content\/uploads\/2014\/05\/ag-2014-06-26-2.jpg'><img loading=\"lazy\" decoding=\"async\" width=\"150\" height=\"150\" src=\"https:\/\/www.cepdivin.org\/wp-content\/uploads\/2014\/05\/ag-2014-06-26-2-150x150.jpg\" class=\"attachment-thumbnail size-thumbnail\" alt=\"\" srcset=\"https:\/\/www.cepdivin.org\/wp-content\/uploads\/2014\/05\/ag-2014-06-26-2-150x150.jpg 150w, https:\/\/www.cepdivin.org\/wp-content\/uploads\/2014\/05\/ag-2014-06-26-2-432x432.jpg 432w, https:\/\/www.cepdivin.org\/wp-content\/uploads\/2014\/05\/ag-2014-06-26-2-268x268.jpg 268w\" sizes=\"auto, (max-width: 150px) 100vw, 150px\" \/><\/a>\n\t\t\t<\/div><\/figure><figure class='gallery-item'>\n\t\t\t<div class='gallery-icon landscape'>\n\t\t\t\t<a rel='attachment' href='https:\/\/www.cepdivin.org\/wp-content\/uploads\/2014\/05\/ag-2014-06-26-3.jpg'><img loading=\"lazy\" decoding=\"async\" width=\"150\" height=\"150\" src=\"https:\/\/www.cepdivin.org\/wp-content\/uploads\/2014\/05\/ag-2014-06-26-3-150x150.jpg\" class=\"attachment-thumbnail size-thumbnail\" alt=\"\" srcset=\"https:\/\/www.cepdivin.org\/wp-content\/uploads\/2014\/05\/ag-2014-06-26-3-150x150.jpg 150w, https:\/\/www.cepdivin.org\/wp-content\/uploads\/2014\/05\/ag-2014-06-26-3-432x432.jpg 432w, https:\/\/www.cepdivin.org\/wp-content\/uploads\/2014\/05\/ag-2014-06-26-3-268x268.jpg 268w\" sizes=\"auto, (max-width: 150px) 100vw, 150px\" \/><\/a>\n\t\t\t<\/div><\/figure>\n\t\t<\/div>\n\n<h3 style=\"text-align: justify;\">Convocation et mod\u00e8le de procuration<\/h3>\n<p style=\"text-align: justify;\"><iframe src=\"\/\/docs.google.com\/viewer?url=http%3A%2F%2Fwww.cepdivin.org%2Fwp-content%2Fuploads%2F2014%2F05%2Fag20140626-convoc.pdf&hl=fr&embedded=true\" class=\"gde-frame\" style=\"width:100%; height:500px; border: none;\" scrolling=\"no\"><\/iframe>\n<p class=\"gde-text\"><a href=\"http:\/\/www.cepdivin.org\/wp-content\/uploads\/2014\/05\/ag20140626-convoc.pdf\" class=\"gde-link\">T\u00e9l\u00e9charger (PDF, 160KB)<\/a><\/p><\/p>\n","protected":false},"excerpt":{"rendered":"<p>Assembl\u00e9e G\u00e9n\u00e9rale de CEPDIVIN association Chers membres de l&#8217;association CEPDIVIN, Vous \u00eates chaleureusement invit\u00e9(e)s \u00e0 notre Assembl\u00e9e G\u00e9n\u00e9rale Ordinaire qui se tiendra le jeudi 26 juin 2014, \u00e0 19h30, au 10 rue Paul Laffargue, \u00e0 Talence. Vous trouverez ci-dessous, en t\u00e9l\u00e9chargement, la convocation avec l&#8217;ordre du jour ainsi qu&#8217;un mod\u00e8le &#8230;<\/p>\n","protected":false},"author":4,"featured_media":3318,"comment_status":"open","ping_status":"open","template":"","meta":{"_tribe_events_status":"","_tribe_events_status_reason":"","footnotes":""},"tags":[175,292],"tribe_events_cat":[284,209],"class_list":["post-3158","tribe_events","type-tribe_events","status-publish","has-post-thumbnail","hentry","tag-cepdivin-2","tag-degustation","tribe_events_cat-cepdivin-actu","tribe_events_cat-cepdivin-asso-2","cat_cepdivin-actu","cat_cepdivin-asso-2","column","onecol","has-thumbnail"],"_links":{"self":[{"href":"https:\/\/www.cepdivin.org\/index.php?rest_route=\/wp\/v2\/tribe_events\/3158","targetHints":{"allow":["GET"]}}],"collection":[{"href":"https:\/\/www.cepdivin.org\/index.php?rest_route=\/wp\/v2\/tribe_events"}],"about":[{"href":"https:\/\/www.cepdivin.org\/index.php?rest_route=\/wp\/v2\/types\/tribe_events"}],"author":[{"embeddable":true,"href":"https:\/\/www.cepdivin.org\/index.php?rest_route=\/wp\/v2\/users\/4"}],"replies":[{"embeddable":true,"href":"https:\/\/www.cepdivin.org\/index.php?rest_route=%2Fwp%2Fv2%2Fcomments&post=3158"}],"version-history":[{"count":1,"href":"https:\/\/www.cepdivin.org\/index.php?rest_route=\/wp\/v2\/tribe_events\/3158\/revisions"}],"predecessor-version":[{"id":3306,"href":"https:\/\/www.cepdivin.org\/index.php?rest_route=\/wp\/v2\/tribe_events\/3158\/revisions\/3306"}],"wp:featuredmedia":[{"embeddable":true,"href":"https:\/\/www.cepdivin.org\/index.php?rest_route=\/wp\/v2\/media\/3318"}],"wp:attachment":[{"href":"https:\/\/www.cepdivin.org\/index.php?rest_route=%2Fwp%2Fv2%2Fmedia&parent=3158"}],"wp:term":[{"taxonomy":"post_tag","embeddable":true,"href":"https:\/\/www.cepdivin.org\/index.php?rest_route=%2Fwp%2Fv2%2Ftags&post=3158"},{"taxonomy":"tribe_events_cat","embeddable":true,"href":"https:\/\/www.cepdivin.org\/index.php?rest_route=%2Fwp%2Fv2%2Ftribe_events_cat&post=3158"}],"curies":[{"name":"wp","href":"https:\/\/api.w.org\/{rel}","templated":true}]}}

CEPDIVIN asso | Assemblée générale

<h1 style="text-align: justify;">Assemblée Générale de CEPDIVIN association</h1>
<p style="text-align: justify;"><img loading="lazy" decoding="async" class="alignleft wp-image-3061 size-medium" src="http://www.cepdivin.org/wp-content/uploads/2014/05/logo-affiche-cepdivin-239x300.jpg" alt="logo affiche cepdivin" width="239" height="300" srcset="https://www.cepdivin.org/wp-content/uploads/2014/05/logo-affiche-cepdivin-239x300.jpg 239w, https://www.cepdivin.org/wp-content/uploads/2014/05/logo-affiche-cepdivin-600x750.jpg 600w, https://www.cepdivin.org/wp-content/uploads/2014/05/logo-affiche-cepdivin-332x415.jpg 332w, https://www.cepdivin.org/wp-content/uploads/2014/05/logo-affiche-cepdivin.jpg 653w" sizes="auto, (max-width: 239px) 100vw, 239px" /></p>
<p style="text-align: justify;">Chers membres de l&#8217;association CEPDIVIN,</p>
<p style="text-align: justify;">Vous êtes chaleureusement invité(e)s à notre Assemblée Générale Ordinaire qui se tiendra le <strong>jeudi 26 juin 2014, à 19h30, au 10 rue Paul Laffargue, à Talence.</strong></p>
<p style="text-align: justify;">Vous trouverez ci-dessous, en téléchargement, la convocation avec l&#8217;ordre du jour ainsi qu&#8217;un modèle de procuration.</p>
<p style="text-align: justify;"><em>L&#8217;Assemblée générale est ouverte aux membres adhérents à jour de leur cotisation 2014 ainsi qu&#8217;aux membres d&#8217;honneur.</em></p>
<p style="text-align: justify;"><strong>L&#8217;assemblée générale sera suivie d&#8217;une auberge espagnole</strong> (chacun amène quelque chose à manger) au cours de laquelle nous ouvrirons quelques bouteilles de la cave de CEPDIVIN.</p>
<h3 style="text-align: justify;">Les vins qui seront dégustés</h3>
<div id='gallery-1' class='gallery galleryid-3158 gallery-columns-3 gallery-size-thumbnail'><figure class='gallery-item'>
			<div class='gallery-icon landscape'>
				<a rel='attachment' href='https://www.cepdivin.org/wp-content/uploads/2014/05/ag-2014-06-26-1.jpg'><img loading="lazy" decoding="async" width="150" height="150" src="https://www.cepdivin.org/wp-content/uploads/2014/05/ag-2014-06-26-1-150x150.jpg" class="attachment-thumbnail size-thumbnail" alt="" srcset="https://www.cepdivin.org/wp-content/uploads/2014/05/ag-2014-06-26-1-150x150.jpg 150w, https://www.cepdivin.org/wp-content/uploads/2014/05/ag-2014-06-26-1-432x432.jpg 432w, https://www.cepdivin.org/wp-content/uploads/2014/05/ag-2014-06-26-1-268x268.jpg 268w" sizes="auto, (max-width: 150px) 100vw, 150px" /></a>
			</div></figure><figure class='gallery-item'>
			<div class='gallery-icon landscape'>
				<a rel='attachment' href='https://www.cepdivin.org/wp-content/uploads/2014/05/ag-2014-06-26-2.jpg'><img loading="lazy" decoding="async" width="150" height="150" src="https://www.cepdivin.org/wp-content/uploads/2014/05/ag-2014-06-26-2-150x150.jpg" class="attachment-thumbnail size-thumbnail" alt="" srcset="https://www.cepdivin.org/wp-content/uploads/2014/05/ag-2014-06-26-2-150x150.jpg 150w, https://www.cepdivin.org/wp-content/uploads/2014/05/ag-2014-06-26-2-432x432.jpg 432w, https://www.cepdivin.org/wp-content/uploads/2014/05/ag-2014-06-26-2-268x268.jpg 268w" sizes="auto, (max-width: 150px) 100vw, 150px" /></a>
			</div></figure><figure class='gallery-item'>
			<div class='gallery-icon landscape'>
				<a rel='attachment' href='https://www.cepdivin.org/wp-content/uploads/2014/05/ag-2014-06-26-3.jpg'><img loading="lazy" decoding="async" width="150" height="150" src="https://www.cepdivin.org/wp-content/uploads/2014/05/ag-2014-06-26-3-150x150.jpg" class="attachment-thumbnail size-thumbnail" alt="" srcset="https://www.cepdivin.org/wp-content/uploads/2014/05/ag-2014-06-26-3-150x150.jpg 150w, https://www.cepdivin.org/wp-content/uploads/2014/05/ag-2014-06-26-3-432x432.jpg 432w, https://www.cepdivin.org/wp-content/uploads/2014/05/ag-2014-06-26-3-268x268.jpg 268w" sizes="auto, (max-width: 150px) 100vw, 150px" /></a>
			</div></figure>
		</div>

<h3 style="text-align: justify;">Convocation et modèle de procuration</h3>
<p style="text-align: justify;"><iframe src="//docs.google.com/viewer?url=http%3A%2F%2Fwww.cepdivin.org%2Fwp-content%2Fuploads%2F2014%2F05%2Fag20140626-convoc.pdf&hl=fr&embedded=true" class="gde-frame" style="width:100%; height:500px; border: none;" scrolling="no"></iframe>
<p class="gde-text"><a href="http://www.cepdivin.org/wp-content/uploads/2014/05/ag20140626-convoc.pdf" class="gde-link">Télécharger (PDF, 160KB)</a></p></p>

<p>Assemblée Générale de CEPDIVIN association Chers membres de l&#8217;association CEPDIVIN, Vous êtes chaleureusement invité(e)s à notre Assemblée Générale Ordinaire qui se tiendra le jeudi 26 juin 2014, à 19h30, au 10 rue Paul Laffargue, à Talence. Vous trouverez ci-dessous, en téléchargement, la convocation avec l&#8217;ordre du jour ainsi qu&#8217;un modèle &#8230;</p>
