{"id":3055,"date":"2014-05-24T13:24:12","date_gmt":"2014-05-24T11:24:12","guid":{"rendered":"http:\/\/www.cepdivin.org\/?post_type=tribe_events&#038;p=3055"},"modified":"2014-06-03T10:32:08","modified_gmt":"2014-06-03T08:32:08","slug":"azelina-jaboulet-vercherre-florilege-discours-savants-vin","status":"publish","type":"tribe_events","link":"https:\/\/www.cepdivin.org\/?tribe_events=azelina-jaboulet-vercherre-florilege-discours-savants-vin","title":{"rendered":"Az\u00e9lina Jaboulet-Vercherre | Floril\u00e8ge de discours savants sur le vin"},"content":{"rendered":"<h1 style=\"font-weight: 300; text-align: justify;\"><img loading=\"lazy\" decoding=\"async\" class=\"alignleft wp-image-3065 size-medium\" src=\"http:\/\/www.cepdivin.org\/wp-content\/uploads\/2014\/05\/Azelina-Jaboulet-Vercherre-Florilege-de-discours-savants-sur-le-vin-216x300.jpg\" alt=\"Azelina Jaboulet-Vercherre Florilege de discours savants sur le vin\" width=\"216\" height=\"300\" srcset=\"https:\/\/www.cepdivin.org\/wp-content\/uploads\/2014\/05\/Azelina-Jaboulet-Vercherre-Florilege-de-discours-savants-sur-le-vin-216x300.jpg 216w, https:\/\/www.cepdivin.org\/wp-content\/uploads\/2014\/05\/Azelina-Jaboulet-Vercherre-Florilege-de-discours-savants-sur-le-vin-332x459.jpg 332w, https:\/\/www.cepdivin.org\/wp-content\/uploads\/2014\/05\/Azelina-Jaboulet-Vercherre-Florilege-de-discours-savants-sur-le-vin.jpg 627w\" sizes=\"auto, (max-width: 216px) 100vw, 216px\" \/>D\u00e9gustation litt\u00e9raire \u00ae<\/h1>\n<h3 style=\"font-weight: 300; text-align: justify;\">Organis\u00e9e par l\u2019association CEPDIVIN<\/h3>\n<h3 style=\"font-weight: 300; text-align: justify;\">Vendredi 20 juin 2014, \u00e0 20h00,\u00a0<a style=\"font-weight: inherit; font-style: inherit; color: #21759b;\" href=\"http:\/\/www.chateaubardins.fr\/\" target=\"_blank\">Ch\u00e2teau Bardins<\/a>, \u00e0 Cadaujac (33).<\/h3>\n<p style=\"text-align: justify;\">Rencontre avec\u00a0<strong style=\"font-weight: 600; font-style: inherit;\">Az\u00e9lina Jaboulet-Vercherre\u00a0<\/strong>pour\u00a0<span style=\"font-style: inherit;\">un voyage initiatique \u00e0 travers les si\u00e8cles, d\u2019Hom\u00e8re \u00e0 Rabelais.<\/span><\/p>\n<p style=\"text-align: justify;\"><em style=\"font-weight: inherit; font-style: italic;\">Causerie illustr\u00e9e par un\u00a0<strong style=\"font-weight: 600; font-style: inherit;\">diaporama<\/strong>, ponctu\u00e9e par des\u00a0<strong style=\"font-weight: 600; font-style: inherit;\">lectures<\/strong>\u00a0et des\u00a0<strong style=\"font-weight: 600; font-style: inherit;\">d\u00e9gustations<\/strong>\u00a0de vins.<\/em><\/p>\n<p style=\"text-align: justify;\">Soir\u00e9e anim\u00e9e par\u00a0<b style=\"font-weight: inherit; font-style: inherit;\">Amancio Tenaguillo y Cort\u00e1zar, pr\u00e9sident de l\u2019association CEPDIVIN.<\/b><\/p>\n<p style=\"text-align: justify;\"><a href=\"http:\/\/www.cepdivin.org\/?p=3039\">En savoir plus<\/a><\/p>\n","protected":false},"excerpt":{"rendered":"<p>D\u00e9gustation litt\u00e9raire \u00ae Organis\u00e9e par l\u2019association CEPDIVIN Vendredi 20 juin 2014, \u00e0 20h00,\u00a0Ch\u00e2teau Bardins, \u00e0 Cadaujac (33). Rencontre avec\u00a0Az\u00e9lina Jaboulet-Vercherre\u00a0pour\u00a0un voyage initiatique \u00e0 travers les si\u00e8cles, d\u2019Hom\u00e8re \u00e0 Rabelais. Causerie illustr\u00e9e par un\u00a0diaporama, ponctu\u00e9e par des\u00a0lectures\u00a0et des\u00a0d\u00e9gustations\u00a0de vins. Soir\u00e9e anim\u00e9e par\u00a0Amancio Tenaguillo y Cort\u00e1zar, pr\u00e9sident de l\u2019association CEPDIVIN. En savoir &#8230;<\/p>\n","protected":false},"author":4,"featured_media":3044,"comment_status":"open","ping_status":"open","template":"","meta":{"_tribe_events_status":"","_tribe_events_status_reason":"","footnotes":""},"tags":[],"tribe_events_cat":[286],"class_list":["post-3055","tribe_events","type-tribe_events","status-publish","has-post-thumbnail","hentry","tribe_events_cat-degustations-litteraires","cat_degustations-litteraires","column","onecol","has-thumbnail"],"_links":{"self":[{"href":"https:\/\/www.cepdivin.org\/index.php?rest_route=\/wp\/v2\/tribe_events\/3055","targetHints":{"allow":["GET"]}}],"collection":[{"href":"https:\/\/www.cepdivin.org\/index.php?rest_route=\/wp\/v2\/tribe_events"}],"about":[{"href":"https:\/\/www.cepdivin.org\/index.php?rest_route=\/wp\/v2\/types\/tribe_events"}],"author":[{"embeddable":true,"href":"https:\/\/www.cepdivin.org\/index.php?rest_route=\/wp\/v2\/users\/4"}],"replies":[{"embeddable":true,"href":"https:\/\/www.cepdivin.org\/index.php?rest_route=%2Fwp%2Fv2%2Fcomments&post=3055"}],"version-history":[{"count":0,"href":"https:\/\/www.cepdivin.org\/index.php?rest_route=\/wp\/v2\/tribe_events\/3055\/revisions"}],"wp:featuredmedia":[{"embeddable":true,"href":"https:\/\/www.cepdivin.org\/index.php?rest_route=\/wp\/v2\/media\/3044"}],"wp:attachment":[{"href":"https:\/\/www.cepdivin.org\/index.php?rest_route=%2Fwp%2Fv2%2Fmedia&parent=3055"}],"wp:term":[{"taxonomy":"post_tag","embeddable":true,"href":"https:\/\/www.cepdivin.org\/index.php?rest_route=%2Fwp%2Fv2%2Ftags&post=3055"},{"taxonomy":"tribe_events_cat","embeddable":true,"href":"https:\/\/www.cepdivin.org\/index.php?rest_route=%2Fwp%2Fv2%2Ftribe_events_cat&post=3055"}],"curies":[{"name":"wp","href":"https:\/\/api.w.org\/{rel}","templated":true}]}}

Azélina Jaboulet-Vercherre | Florilège de discours savants sur le vin

<h1 style="font-weight: 300; text-align: justify;"><img loading="lazy" decoding="async" class="alignleft wp-image-3065 size-medium" src="http://www.cepdivin.org/wp-content/uploads/2014/05/Azelina-Jaboulet-Vercherre-Florilege-de-discours-savants-sur-le-vin-216x300.jpg" alt="Azelina Jaboulet-Vercherre Florilege de discours savants sur le vin" width="216" height="300" srcset="https://www.cepdivin.org/wp-content/uploads/2014/05/Azelina-Jaboulet-Vercherre-Florilege-de-discours-savants-sur-le-vin-216x300.jpg 216w, https://www.cepdivin.org/wp-content/uploads/2014/05/Azelina-Jaboulet-Vercherre-Florilege-de-discours-savants-sur-le-vin-332x459.jpg 332w, https://www.cepdivin.org/wp-content/uploads/2014/05/Azelina-Jaboulet-Vercherre-Florilege-de-discours-savants-sur-le-vin.jpg 627w" sizes="auto, (max-width: 216px) 100vw, 216px" />Dégustation littéraire ®</h1>
<h3 style="font-weight: 300; text-align: justify;">Organisée par l’association CEPDIVIN</h3>
<h3 style="font-weight: 300; text-align: justify;">Vendredi 20 juin 2014, à 20h00, <a style="font-weight: inherit; font-style: inherit; color: #21759b;" href="http://www.chateaubardins.fr/" target="_blank">Château Bardins</a>, à Cadaujac (33).</h3>
<p style="text-align: justify;">Rencontre avec <strong style="font-weight: 600; font-style: inherit;">Azélina Jaboulet-Vercherre </strong>pour <span style="font-style: inherit;">un voyage initiatique à travers les siècles, d’Homère à Rabelais.</span></p>
<p style="text-align: justify;"><em style="font-weight: inherit; font-style: italic;">Causerie illustrée par un <strong style="font-weight: 600; font-style: inherit;">diaporama</strong>, ponctuée par des <strong style="font-weight: 600; font-style: inherit;">lectures</strong> et des <strong style="font-weight: 600; font-style: inherit;">dégustations</strong> de vins.</em></p>
<p style="text-align: justify;">Soirée animée par <b style="font-weight: inherit; font-style: inherit;">Amancio Tenaguillo y Cortázar, président de l’association CEPDIVIN.</b></p>
<p style="text-align: justify;"><a href="http://www.cepdivin.org/?p=3039">En savoir plus</a></p>

<p>Dégustation littéraire ® Organisée par l’association CEPDIVIN Vendredi 20 juin 2014, à 20h00, Château Bardins, à Cadaujac (33). Rencontre avec Azélina Jaboulet-Vercherre pour un voyage initiatique à travers les siècles, d’Homère à Rabelais. Causerie illustrée par un diaporama, ponctuée par des lectures et des dégustations de vins. Soirée animée par Amancio Tenaguillo y Cortázar, président de l’association CEPDIVIN. En savoir &#8230;</p>
